{"id":115,"date":"2022-09-23T04:29:36","date_gmt":"2022-09-23T04:29:36","guid":{"rendered":"https:\/\/www.larticlab.mg\/somader\/?page_id=115"},"modified":"2022-09-23T05:24:52","modified_gmt":"2022-09-23T05:24:52","slug":"congres","status":"publish","type":"page","link":"https:\/\/www.larticlab.mg\/somader\/congres\/","title":{"rendered":"CONGRES"},"content":{"rendered":"\n\n\n<p>Chaque Ann\u00e9e, la SOMADER organise une rencontre scientifique internationale \u00e0 l&rsquo;occasion des Journ\u00e9es de Dermatologie de Madagascar avec des th\u00e8mes sp\u00e9cifiques. Cette page vous donne l&rsquo;acc\u00e8s aux r\u00e9sum\u00e9s de ces rencontres.<\/p>\n&nbsp;\n\n\n\n\n\n\n\n<h2>XVI\u00e8me Congr\u00e8s de Dermatologie, 2019<\/h2>\n<p><a href=\"https:\/\/www.larticlab.mg\/somader\/pdf\/congres\/SOMADER_CONGRESS_2019_web.pdf\" target=\"_blank\" rel=\"noopener\">CLIQUEZ ICI &gt;&gt;<\/a><\/p>\n\n\n\n\n\n\n\n\n\n\n\n<h2>XVI\u00e8me Congr\u00e8s de Dermatologie, 2021<\/h2>\n<p><a href=\"http:\/\/larticlab.mg\/somader\/pdf\/congres\/SOMADER_CONGRESS_2021_web.pdf\" target=\"_blank\" rel=\"noopener\">CLIQUEZ ICI &gt;&gt;<\/a><\/p>\n\n\n\n\n\n\n\n\n\n\n\n<h2>XVII\u00e8me Congr\u00e8s de Dermatologie, 2022<\/h2>\n<p><a href=\"http:\/\/larticlab.mg\/somader\/pdf\/congres\/SOMADER_CONGRESS_2022_web.pdf\" target=\"_blank\" rel=\"noopener\">CLIQUEZ ICI &gt;&gt;<\/a><\/p>\n<p><br><\/p>\n<p>Egalement consultable sur le site web de <a href=\"https:\/\/global-dermatology.com\" target=\"_blank\" rel=\"noopener\">GLOBAL-DERMATOLOGY.COM<\/a> mais il faut s&rsquo;inscrire sur le site (gratuit)<\/p>\n\n\n\n","protected":false},"excerpt":{"rendered":"","protected":false},"author":1,"featured_media":0,"parent":0,"menu_order":0,"comment_status":"closed","ping_status":"closed","template":"","meta":{"pagelayer_contact_templates":[],"_pagelayer_content":"","footnotes":""},"class_list":["post-115","page","type-page","status-publish","hentry"],"_links":{"self":[{"href":"https:\/\/www.larticlab.mg\/somader\/wp-json\/wp\/v2\/pages\/115","targetHints":{"allow":["GET"]}}],"collection":[{"href":"https:\/\/www.larticlab.mg\/somader\/wp-json\/wp\/v2\/pages"}],"about":[{"href":"https:\/\/www.larticlab.mg\/somader\/wp-json\/wp\/v2\/types\/page"}],"author":[{"embeddable":true,"href":"https:\/\/www.larticlab.mg\/somader\/wp-json\/wp\/v2\/users\/1"}],"replies":[{"embeddable":true,"href":"https:\/\/www.larticlab.mg\/somader\/wp-json\/wp\/v2\/comments?post=115"}],"version-history":[{"count":10,"href":"https:\/\/www.larticlab.mg\/somader\/wp-json\/wp\/v2\/pages\/115\/revisions"}],"predecessor-version":[{"id":130,"href":"https:\/\/www.larticlab.mg\/somader\/wp-json\/wp\/v2\/pages\/115\/revisions\/130"}],"wp:attachment":[{"href":"https:\/\/www.larticlab.mg\/somader\/wp-json\/wp\/v2\/media?parent=115"}],"curies":[{"name":"wp","href":"https:\/\/api.w.org\/{rel}","templated":true}]}}