{"id":17,"date":"2022-04-08T13:52:50","date_gmt":"2022-04-08T13:52:50","guid":{"rendered":"https:\/\/www.larticlab.mg\/web\/about\/"},"modified":"2025-03-06T07:05:01","modified_gmt":"2025-03-06T07:05:01","slug":"about","status":"publish","type":"page","link":"https:\/\/www.larticlab.mg\/web\/","title":{"rendered":"A propos"},"content":{"rendered":"\r\n\r\n\r\n\r\n\r\n\r\n\r\n<h5>#Qui sommes-nous?<\/h5>\r\n\r\n\r\n\r\n<h4>LARTIC<\/h4>\r\n\r\n\r\n\r\n<h4>Laboratoire d&rsquo;Accueil et de Recherche<\/h4>\r\n\r\n\r\n\r\n<p class=\"MsoNormal\" style=\"margin-bottom: .0001pt; text-align: justify;\">Le Laboratoire LARTIC est un Laboratoire d&rsquo;Accueil et de Recherche rattach\u00e9 \u00e0 la mention M\u00e9decine Humaine de la Facult\u00e9 de M\u00e9decine et aussi \u00e0 l&rsquo;Equipe d&rsquo;Accueil Doctorale R\u00e9seau, Intelligence Artificielle, Multim\u00e9dia, S\u00e9curit\u00e9 et Syst\u00e8me d&rsquo;Informations(EAD RIMSS) de l&rsquo;Ecole Doctorale en Sciences et Techniques de l&rsquo;Ing\u00e9nierie et de l&rsquo;Innovation (ED STII) au sein de l&rsquo;Ecole Sup\u00e9rieure Polytechnique de l&rsquo;Universit\u00e9 d&rsquo;Antananarivo. Le Laboratoire travaille dans un th\u00e9matique de recherche li\u00e9 au d\u00e9veloppement de l&rsquo;intelligence artificielle en sant\u00e9\/M\u00e9decine, \u00e0 la gestion du syst\u00e8me d&rsquo;information m\u00e9dical et de sant\u00e9 et au d\u00e9veloppement des Technologies TICEs pour la Sant\u00e9 et l&rsquo;Enseignement M\u00e9dical.<\/p>\r\n\r\n\r\n\r\n<p class=\"MsoNormal\" style=\"margin-bottom: .0001pt; text-align: justify;\">Le Laboratoire dispose de trois d\u00e9partements techniques:<\/p>\r\n\r\n\r\n\r\n<p class=\"MsoNormal\" style=\"margin-bottom: .0001pt; text-align: justify;\">\u00a0<\/p>\r\n<p class=\"MsoNormal\" style=\"margin-bottom: .0001pt; text-align: justify; line-height: 15.25pt; background: #FEFEFE;\"><b>\u00a0<\/b><\/p>\r\n\r\n\r\n\r\n<p class=\"MsoNormal\" style=\"margin-bottom: .0001pt; text-align: justify; line-height: 15.25pt; background: #FEFEFE;\"><b>Le CERVOMED\u00a0<\/b><span style=\"mso-fareast-font-family: 'Times New Roman'; mso-bidi-font-family: Calibri; mso-bidi-theme-font: minor-latin; border: none windowtext 1.0pt; mso-border-alt: none windowtext 0cm; padding: 0cm; mso-fareast-language: FR;\">est le diminutif de \u00ab\u00a0<b>C<\/b>onception \u2013 <b>E<\/b>tude et <b>R<\/b>\u00e9alisation \u00e0 <b>VO<\/b>cation <b>MED<\/b>icale\u00a0\u00bb. Cette Unit\u00e9 repr\u00e9sente le cerveau du Laboratoire. Elle est dirig\u00e9e par des assistants de recherche en informatique M\u00e9dicale sous la supervision de l&rsquo;EAD.<\/span><\/p>\r\n<p class=\"MsoNormal\" style=\"margin-bottom: .0001pt; text-align: justify; line-height: 15.25pt; background: #FEFEFE;\"><b>Le COMMED<\/b><span style=\"mso-fareast-font-family: 'Times New Roman'; mso-bidi-font-family: Calibri; mso-bidi-theme-font: minor-latin; border: none windowtext 1.0pt; mso-border-alt: none windowtext 0cm; padding: 0cm; mso-fareast-language: FR;\">\u00a0ou <b>C<\/b>onception de <b>OM<\/b>nimultim\u00e9dia <b>MED<\/b>ical est une Unit\u00e9 sp\u00e9cialis\u00e9e pour des productions du multim\u00e9dia m\u00e9dical. Cette Unit\u00e9 dispose \u00e9galement d\u2019une salle de formation.<\/span><\/p>\r\n<p>&nbsp;<\/p>\r\n<p class=\"MsoNormal\" style=\"margin-bottom: .0001pt; text-align: justify; line-height: 15.25pt; background: #FEFEFE;\"><b>Le CYBERMED<\/b><span style=\"mso-fareast-font-family: 'Times New Roman'; mso-bidi-font-family: Calibri; mso-bidi-theme-font: minor-latin; border: none windowtext 1.0pt; mso-border-alt: none windowtext 0cm; padding: 0cm; mso-fareast-language: FR;\">\u00a0est un centre d\u2019accueil des Etudiants, chercheurs et Enseignants chercheurs pour la recherche bibliographique et documentaire sur internet.<\/span><\/p>\r\n\r\n\r\n\r\n\r\n\r\n\r\n\r\n\r\n\r\n\r\n\r\n\r\n\r\n\r\n\r\n<h4>#Le Conseil scientifique du Laboratoire<\/h4>\r\n\r\n\r\n\r\n\r\n\r\n<p>Le Laboratoire dispose d&rsquo;une \u00e9quipe scientifique qui constitue le Conseil du Laboratoire.\u00a0 Cette \u00e9quipe est multidisciplinaire, elle est essentiellement repr\u00e9sent\u00e9e par des Professeurs titulaires, agr\u00e9g\u00e9s, HDR, et Docteurs 3\u00e8 Cycle.\u00a0<\/p>\r\n\r\n\r\n\r\n\r\n\r\n\r\n\r\n<p>Professeur<\/p>\r\n\r\n\r\n\r\n\r\n\r\n<p>Professeur<\/p>\r\n\r\n\r\n\r\n\r\n\r\n<p>Professeur<\/p>\r\n\r\n\r\n\r\n\r\n\r\n\r\n\r\n<p>Professeur<\/p>\r\n\r\n\r\n\r\n\r\n\r\n<p>Professeur<\/p>\r\n\r\n\r\n\r\n\r\n\r\n<p>Professeur<\/p>\r\n\r\n\r\n\r\n\r\n\r\n\r\n\r\n<p>Professeur<\/p>\r\n\r\n\r\n\r\n\r\n\r\n<p>Professeur<\/p>\r\n\r\n\r\n\r\n\r\n\r\n<p>Professeur<\/p>\r\n\r\n\r\n\r\n\r\n\r\n\r\n\r\n\r\n\r\n\r\n\r\n<h4>#Les membres permanents<\/h4>\r\n\r\n\r\n\r\n\r\n\r\n<p>Le Laboratoire dispose d&rsquo;une \u00e9quipe m\u00e9dicale et technique permanente.\u00a0 Cette \u00e9quipe est essentiellement repr\u00e9sent\u00e9e par des M\u00e9decins Assistants de Recherche, Doctorants et des Docteurs 3\u00e8 Cycle (Ph.D) dans le domaine du num\u00e9rique et en Intelligence artificielle (Data science)\u00a0<\/p>\r\n\r\n\r\n\r\n\r\n\r\n\r\n\r\n<p>Docteur, M\u00e9d. Doctorant<\/p>\r\n\r\n\r\n\r\n\r\n\r\n<p>Docteur, M\u00e9d. Doctorant<\/p>\r\n\r\n\r\n\r\n\r\n\r\n<p>Docteur, M\u00e9d. Doctorant<\/p>\r\n\r\n\r\n\r\n\r\n\r\n\r\n\r\n<p>Docteur Ph.D<\/p>\r\n\r\n\r\n\r\n\r\n\r\n<p>Data Scientiste. Doctorant<\/p>\r\n\r\n\r\n\r\n\r\n\r\n\r\n\r\n\r\n\r\n\r\n\r\n\r\n\r\n<h4>#Les membres associ\u00e9s<\/h4>\r\n\r\n\r\n\r\n\r\n\r\n<p>Le Laboratoire dispose d&rsquo;une \u00e9quipe experte nationale et internationale repr\u00e9sent\u00e9e par des M\u00e9decins et des experts dans le domaine du num\u00e9rique et en Sciences cognitive. Ils interviennent dans le cadre des projets pilot\u00e9s par le Laboratoire. Leur intervention est ponctuelle.\u00a0<\/p>\r\n\r\n\r\n\r\n\r\n\r\n\r\n\r\n<p>Docteur, M\u00e9d.<\/p>\r\n\r\n\r\n\r\n\r\n\r\n<p>Docteur, M\u00e9d.<\/p>\r\n\r\n\r\n\r\n<p>&nbsp;<\/p>","protected":false},"excerpt":{"rendered":"<p>&nbsp;<\/p>\n","protected":false},"author":1,"featured_media":0,"parent":0,"menu_order":0,"comment_status":"closed","ping_status":"closed","template":"","meta":{"pagelayer_contact_templates":[],"_pagelayer_content":"","footnotes":""},"class_list":["post-17","page","type-page","status-publish","hentry"],"_links":{"self":[{"href":"https:\/\/www.larticlab.mg\/web\/wp-json\/wp\/v2\/pages\/17","targetHints":{"allow":["GET"]}}],"collection":[{"href":"https:\/\/www.larticlab.mg\/web\/wp-json\/wp\/v2\/pages"}],"about":[{"href":"https:\/\/www.larticlab.mg\/web\/wp-json\/wp\/v2\/types\/page"}],"author":[{"embeddable":true,"href":"https:\/\/www.larticlab.mg\/web\/wp-json\/wp\/v2\/users\/1"}],"replies":[{"embeddable":true,"href":"https:\/\/www.larticlab.mg\/web\/wp-json\/wp\/v2\/comments?post=17"}],"version-history":[{"count":28,"href":"https:\/\/www.larticlab.mg\/web\/wp-json\/wp\/v2\/pages\/17\/revisions"}],"predecessor-version":[{"id":1084,"href":"https:\/\/www.larticlab.mg\/web\/wp-json\/wp\/v2\/pages\/17\/revisions\/1084"}],"wp:attachment":[{"href":"https:\/\/www.larticlab.mg\/web\/wp-json\/wp\/v2\/media?parent=17"}],"curies":[{"name":"wp","href":"https:\/\/api.w.org\/{rel}","templated":true}]}}